{"id":3605,"date":"2021-11-21T15:14:41","date_gmt":"2021-11-21T15:14:41","guid":{"rendered":"https:\/\/scientia-pro.fr\/index.php\/services\/"},"modified":"2025-08-18T14:35:00","modified_gmt":"2025-08-18T12:35:00","slug":"services","status":"publish","type":"page","link":"https:\/\/scientia-pro.fr\/index.php\/services\/","title":{"rendered":"Prestations"},"content":{"rendered":"\t\t<div data-elementor-type=\"wp-page\" data-elementor-id=\"3605\" class=\"elementor elementor-3605\">\n\t\t\t\t<div class=\"elementor-element elementor-element-c93912a e-flex e-con-boxed e-con e-parent\" data-id=\"c93912a\" data-element_type=\"container\" data-settings=\"{&quot;background_background&quot;:&quot;classic&quot;}\">\n\t\t\t\t\t<div class=\"e-con-inner\">\n\t\t\t\t<div class=\"elementor-element elementor-element-f927337 elementor-widget elementor-widget-heading\" data-id=\"f927337\" data-element_type=\"widget\" data-widget_type=\"heading.default\">\n\t\t\t\t<div class=\"elementor-widget-container\">\n\t\t\t<h1 class=\"elementor-heading-title elementor-size-default\">Prestations<\/h1>\t\t<\/div>\n\t\t\t\t<\/div>\n\t\t\t\t\t<\/div>\n\t\t\t\t<\/div>\n\t\t<div class=\"elementor-element elementor-element-4fa9149 e-flex e-con-boxed e-con e-parent\" data-id=\"4fa9149\" data-element_type=\"container\" data-settings=\"{&quot;background_background&quot;:&quot;classic&quot;}\">\n\t\t\t\t\t<div class=\"e-con-inner\">\n\t\t<div class=\"elementor-element elementor-element-7f676a8 e-con-full e-flex e-con e-child\" data-id=\"7f676a8\" data-element_type=\"container\">\n\t\t<div class=\"elementor-element elementor-element-8dea070 e-con-full e-flex e-con e-child\" data-id=\"8dea070\" data-element_type=\"container\">\n\t\t\t\t<div class=\"elementor-element elementor-element-e84a49c elementor-widget elementor-widget-image\" data-id=\"e84a49c\" data-element_type=\"widget\" data-widget_type=\"image.default\">\n\t\t\t\t<div class=\"elementor-widget-container\">\n\t\t\t\t\t\t\t\t\t\t\t\t\t<img fetchpriority=\"high\" decoding=\"async\" width=\"1280\" height=\"1706\" src=\"https:\/\/scientia-pro.fr\/wp-content\/uploads\/2025\/08\/1688743306871.jpeg\" class=\"attachment-full size-full wp-image-3839\" alt=\"\" srcset=\"https:\/\/scientia-pro.fr\/wp-content\/uploads\/2025\/08\/1688743306871.jpeg 1280w, https:\/\/scientia-pro.fr\/wp-content\/uploads\/2025\/08\/1688743306871-225x300.jpeg 225w, https:\/\/scientia-pro.fr\/wp-content\/uploads\/2025\/08\/1688743306871-768x1024.jpeg 768w, https:\/\/scientia-pro.fr\/wp-content\/uploads\/2025\/08\/1688743306871-1152x1536.jpeg 1152w\" sizes=\"(max-width: 1280px) 100vw, 1280px\" \/>\t\t\t\t\t\t\t\t\t\t\t\t\t<\/div>\n\t\t\t\t<\/div>\n\t\t\t\t<\/div>\n\t\t<div class=\"elementor-element elementor-element-b76b6ed e-con-full e-flex e-con e-child\" data-id=\"b76b6ed\" data-element_type=\"container\">\n\t\t\t\t<div class=\"elementor-element elementor-element-7488097 elementor-widget elementor-widget-heading\" data-id=\"7488097\" data-element_type=\"widget\" data-widget_type=\"heading.default\">\n\t\t\t\t<div class=\"elementor-widget-container\">\n\t\t\t<h3 class=\"elementor-heading-title elementor-size-default\">Sensibiliser<\/h3>\t\t<\/div>\n\t\t\t\t<\/div>\n\t\t\t\t<div class=\"elementor-element elementor-element-5561a26 elementor-widget elementor-widget-text-editor\" data-id=\"5561a26\" data-element_type=\"widget\" data-widget_type=\"text-editor.default\">\n\t\t\t\t<div class=\"elementor-widget-container\">\n\t\t\t\t\t\t\t<p>Au travers de conf\u00e9rences interactives ou d&#8217;outils d&#8217;intelligence collective, adapt\u00e9s \u00e0 votre entreprise et \u00e0 vos besoins, nous permettons la prise de conscience et la mise en action. \u00a0 <\/p>\t\t\t\t\t\t<\/div>\n\t\t\t\t<\/div>\n\t\t\t\t<div class=\"elementor-element elementor-element-b8da64c elementor-widget elementor-widget-text-editor\" data-id=\"b8da64c\" data-element_type=\"widget\" data-widget_type=\"text-editor.default\">\n\t\t\t\t<div class=\"elementor-widget-container\">\n\t\t\t\t\t\t\t<p>Engager ses collaborateurs dans les enjeux environnementaux, c&#8217;est leur donner une nouvelle source d&#8217;engagement dans l&#8217;entreprise. <\/p>\t\t\t\t\t\t<\/div>\n\t\t\t\t<\/div>\n\t\t\t\t<div class=\"elementor-element elementor-element-5de9e75 elementor-widget elementor-widget-text-editor\" data-id=\"5de9e75\" data-element_type=\"widget\" data-widget_type=\"text-editor.default\">\n\t\t\t\t<div class=\"elementor-widget-container\">\n\t\t\t\t\t\t\t<div>Afin d&#8217;envisager une trajectoire, il est important de d\u00e9marrer avec un socle de connaissances commun. L&#8217;outil Fresque du Climat permet ce premier pas. Il peut \u00eatre compl\u00e9t\u00e9 par une conf\u00e9rence interactive ou de nombreux autres outils que Scientia peut vous proposer sur les th\u00e9matiques suivantes :<br \/>&#8211; d\u00e9carbonation\u00a0<br \/>&#8211; agriculture &amp; alimentation<br \/>&#8211; for\u00eats, biodiversit\u00e9, ressources en eau<br \/>(+ photo conf)<\/div>\t\t\t\t\t\t<\/div>\n\t\t\t\t<\/div>\n\t\t\t\t<div class=\"elementor-element elementor-element-c52829b elementor-mobile-align-justify elementor-widget-mobile__width-inherit elementor-widget elementor-widget-button\" data-id=\"c52829b\" data-element_type=\"widget\" data-widget_type=\"button.default\">\n\t\t\t\t<div class=\"elementor-widget-container\">\n\t\t\t\t\t\t\t<div class=\"elementor-button-wrapper\">\n\t\t\t\t\t<a class=\"elementor-button elementor-button-link elementor-size-sm\" href=\"\/index.php\/contact\/\">\n\t\t\t\t\t\t<span class=\"elementor-button-content-wrapper\">\n\t\t\t\t\t\t\t\t\t<span class=\"elementor-button-text\">Prendre contact<\/span>\n\t\t\t\t\t<\/span>\n\t\t\t\t\t<\/a>\n\t\t\t\t<\/div>\n\t\t\t\t\t\t<\/div>\n\t\t\t\t<\/div>\n\t\t\t\t<\/div>\n\t\t\t\t<\/div>\n\t\t\t\t\t<\/div>\n\t\t\t\t<\/div>\n\t\t<div class=\"elementor-element elementor-element-fea1845 e-flex e-con-boxed e-con e-parent\" data-id=\"fea1845\" data-element_type=\"container\" data-settings=\"{&quot;background_background&quot;:&quot;classic&quot;}\">\n\t\t\t\t\t<div class=\"e-con-inner\">\n\t\t<div class=\"elementor-element elementor-element-287cae9 e-con-full e-flex e-con e-child\" data-id=\"287cae9\" data-element_type=\"container\">\n\t\t<div class=\"elementor-element elementor-element-f9717e5 e-con-full e-flex e-con e-child\" data-id=\"f9717e5\" data-element_type=\"container\">\n\t\t\t\t<div class=\"elementor-element elementor-element-09d425b elementor-widget elementor-widget-image\" data-id=\"09d425b\" data-element_type=\"widget\" data-widget_type=\"image.default\">\n\t\t\t\t<div class=\"elementor-widget-container\">\n\t\t\t\t\t\t\t\t\t\t\t\t\t<img decoding=\"async\" width=\"689\" height=\"863\" src=\"https:\/\/scientia-pro.fr\/wp-content\/uploads\/2025\/08\/Site-scientia-photo_2023-07-27_16-22-42-1.jpg\" class=\"attachment-full size-full wp-image-3838\" alt=\"\" srcset=\"https:\/\/scientia-pro.fr\/wp-content\/uploads\/2025\/08\/Site-scientia-photo_2023-07-27_16-22-42-1.jpg 689w, https:\/\/scientia-pro.fr\/wp-content\/uploads\/2025\/08\/Site-scientia-photo_2023-07-27_16-22-42-1-240x300.jpg 240w\" sizes=\"(max-width: 689px) 100vw, 689px\" \/>\t\t\t\t\t\t\t\t\t\t\t\t\t<\/div>\n\t\t\t\t<\/div>\n\t\t\t\t<\/div>\n\t\t<div class=\"elementor-element elementor-element-a86baab e-con-full e-flex e-con e-child\" data-id=\"a86baab\" data-element_type=\"container\">\n\t\t\t\t<div class=\"elementor-element elementor-element-8193b80 elementor-widget elementor-widget-heading\" data-id=\"8193b80\" data-element_type=\"widget\" data-widget_type=\"heading.default\">\n\t\t\t\t<div class=\"elementor-widget-container\">\n\t\t\t<h3 class=\"elementor-heading-title elementor-size-default\">Former<\/h3>\t\t<\/div>\n\t\t\t\t<\/div>\n\t\t\t\t<div class=\"elementor-element elementor-element-f69470b elementor-widget elementor-widget-text-editor\" data-id=\"f69470b\" data-element_type=\"widget\" data-widget_type=\"text-editor.default\">\n\t\t\t\t<div class=\"elementor-widget-container\">\n\t\t\t\t\t\t\t<p>En compl\u00e9ment ou pour un d\u00e9ploiement de grande ampleur, Scientia propose des formations afin de vous rendre autonomes au sein de votre organisation, par le biais de formateurs certifi\u00e9s.\u00a0 <\/p>\t\t\t\t\t\t<\/div>\n\t\t\t\t<\/div>\n\t\t\t\t<div class=\"elementor-element elementor-element-fe17450 elementor-mobile-align-justify elementor-widget-mobile__width-inherit elementor-widget elementor-widget-button\" data-id=\"fe17450\" data-element_type=\"widget\" data-widget_type=\"button.default\">\n\t\t\t\t<div class=\"elementor-widget-container\">\n\t\t\t\t\t\t\t<div class=\"elementor-button-wrapper\">\n\t\t\t\t\t<a class=\"elementor-button elementor-button-link elementor-size-sm\" href=\"\/index.php\/contact\/\">\n\t\t\t\t\t\t<span class=\"elementor-button-content-wrapper\">\n\t\t\t\t\t\t\t\t\t<span class=\"elementor-button-text\">Prendre contact<\/span>\n\t\t\t\t\t<\/span>\n\t\t\t\t\t<\/a>\n\t\t\t\t<\/div>\n\t\t\t\t\t\t<\/div>\n\t\t\t\t<\/div>\n\t\t\t\t<\/div>\n\t\t\t\t<\/div>\n\t\t\t\t\t<\/div>\n\t\t\t\t<\/div>\n\t\t<div class=\"elementor-element elementor-element-f38392b e-flex e-con-boxed e-con e-parent\" data-id=\"f38392b\" data-element_type=\"container\" data-settings=\"{&quot;background_background&quot;:&quot;classic&quot;}\">\n\t\t\t\t\t<div class=\"e-con-inner\">\n\t\t<div class=\"elementor-element elementor-element-771577b e-con-full e-flex e-con e-child\" data-id=\"771577b\" data-element_type=\"container\">\n\t\t<div class=\"elementor-element elementor-element-9533482 e-con-full e-flex e-con e-child\" data-id=\"9533482\" data-element_type=\"container\">\n\t\t\t\t<div class=\"elementor-element elementor-element-8761e8c elementor-widget elementor-widget-image\" data-id=\"8761e8c\" data-element_type=\"widget\" data-widget_type=\"image.default\">\n\t\t\t\t<div class=\"elementor-widget-container\">\n\t\t\t\t\t\t\t\t\t\t\t\t\t<img decoding=\"async\" width=\"901\" height=\"1500\" src=\"https:\/\/scientia-pro.fr\/wp-content\/uploads\/2023\/10\/4-home.jpg\" class=\"attachment-full size-full wp-image-3621\" alt=\"\" srcset=\"https:\/\/scientia-pro.fr\/wp-content\/uploads\/2023\/10\/4-home.jpg 901w, https:\/\/scientia-pro.fr\/wp-content\/uploads\/2023\/10\/4-home-180x300.jpg 180w, https:\/\/scientia-pro.fr\/wp-content\/uploads\/2023\/10\/4-home-615x1024.jpg 615w, https:\/\/scientia-pro.fr\/wp-content\/uploads\/2023\/10\/4-home-768x1279.jpg 768w\" sizes=\"(max-width: 901px) 100vw, 901px\" \/>\t\t\t\t\t\t\t\t\t\t\t\t\t<\/div>\n\t\t\t\t<\/div>\n\t\t\t\t<\/div>\n\t\t<div class=\"elementor-element elementor-element-cffba5b e-con-full e-flex e-con e-child\" data-id=\"cffba5b\" data-element_type=\"container\">\n\t\t\t\t<div class=\"elementor-element elementor-element-62ae438 elementor-widget elementor-widget-heading\" data-id=\"62ae438\" data-element_type=\"widget\" data-widget_type=\"heading.default\">\n\t\t\t\t<div class=\"elementor-widget-container\">\n\t\t\t<h3 class=\"elementor-heading-title elementor-size-default\">Accompagner<\/h3>\t\t<\/div>\n\t\t\t\t<\/div>\n\t\t\t\t<div class=\"elementor-element elementor-element-0500661 elementor-widget elementor-widget-text-editor\" data-id=\"0500661\" data-element_type=\"widget\" data-widget_type=\"text-editor.default\">\n\t\t\t\t<div class=\"elementor-widget-container\">\n\t\t\t\t\t\t\t<p>Ensemble nous identifions vos besoins pour apporter une r\u00e9ponse sur-mesure \u00e0 vos collaborateurs ou au sein de votre organisation.<\/p>\t\t\t\t\t\t<\/div>\n\t\t\t\t<\/div>\n\t\t\t\t<div class=\"elementor-element elementor-element-d330df6 elementor-widget elementor-widget-text-editor\" data-id=\"d330df6\" data-element_type=\"widget\" data-widget_type=\"text-editor.default\">\n\t\t\t\t<div class=\"elementor-widget-container\">\n\t\t\t\t\t\t\t<p>Les conf\u00e9rences interactives peuvent \u00eatre adapt\u00e9es aux sujets qui vous pr\u00e9occupent et peuvent aborder plusieurs th\u00e9matiques, tout en restant ludiques et inspirantes.<\/p>\t\t\t\t\t\t<\/div>\n\t\t\t\t<\/div>\n\t\t\t\t<div class=\"elementor-element elementor-element-8dbd82b elementor-widget elementor-widget-text-editor\" data-id=\"8dbd82b\" data-element_type=\"widget\" data-widget_type=\"text-editor.default\">\n\t\t\t\t<div class=\"elementor-widget-container\">\n\t\t\t\t\t\t\t<p>L&#8217;accompagnement de Scientia peut \u00e9galement comporter : la coordination d&#8217;un d\u00e9ploiement, du coaching, des m\u00e9thodes de facilitation, la clarification d&#8217;objectifs et l&#8217;\u00e9laboration de plan d&#8217;action. &nbsp; <br><\/p><p>(logo ADDACC)<br><\/p>\t\t\t\t\t\t<\/div>\n\t\t\t\t<\/div>\n\t\t\t\t<div class=\"elementor-element elementor-element-4e9136e elementor-mobile-align-justify elementor-widget-mobile__width-inherit elementor-widget elementor-widget-button\" data-id=\"4e9136e\" data-element_type=\"widget\" data-widget_type=\"button.default\">\n\t\t\t\t<div class=\"elementor-widget-container\">\n\t\t\t\t\t\t\t<div class=\"elementor-button-wrapper\">\n\t\t\t\t\t<a class=\"elementor-button elementor-button-link elementor-size-sm\" href=\"\/index.php\/contact\/\">\n\t\t\t\t\t\t<span class=\"elementor-button-content-wrapper\">\n\t\t\t\t\t\t\t\t\t<span class=\"elementor-button-text\">Prendre contact<\/span>\n\t\t\t\t\t<\/span>\n\t\t\t\t\t<\/a>\n\t\t\t\t<\/div>\n\t\t\t\t\t\t<\/div>\n\t\t\t\t<\/div>\n\t\t\t\t<\/div>\n\t\t\t\t<\/div>\n\t\t\t\t\t<\/div>\n\t\t\t\t<\/div>\n\t\t<div class=\"elementor-element elementor-element-16ed689 e-flex e-con-boxed e-con e-parent\" data-id=\"16ed689\" data-element_type=\"container\" data-settings=\"{&quot;background_background&quot;:&quot;classic&quot;}\">\n\t\t\t\t\t<div class=\"e-con-inner\">\n\t\t\t\t<div class=\"elementor-element elementor-element-f067fd6 elementor-align-center elementor-widget elementor-widget-button\" data-id=\"f067fd6\" data-element_type=\"widget\" data-widget_type=\"button.default\">\n\t\t\t\t<div class=\"elementor-widget-container\">\n\t\t\t\t\t\t\t<div class=\"elementor-button-wrapper\">\n\t\t\t\t\t<a class=\"elementor-button elementor-button-link elementor-size-sm\" href=\"\/index.php\/contact\/\">\n\t\t\t\t\t\t<span class=\"elementor-button-content-wrapper\">\n\t\t\t\t\t\t\t\t\t<span class=\"elementor-button-text\">Contactez moi<\/span>\n\t\t\t\t\t<\/span>\n\t\t\t\t\t<\/a>\n\t\t\t\t<\/div>\n\t\t\t\t\t\t<\/div>\n\t\t\t\t<\/div>\n\t\t\t\t\t<\/div>\n\t\t\t\t<\/div>\n\t\t\t\t<\/div>\n\t\t","protected":false},"excerpt":{"rendered":"<p>Prestations Sensibiliser Au travers de conf\u00e9rences interactives ou d&#8217;outils d&#8217;intelligence collective, adapt\u00e9s \u00e0 votre entreprise et \u00e0 vos besoins, nous permettons la prise de conscience et la mise en action. \u00a0 Engager ses collaborateurs dans les enjeux environnementaux, c&#8217;est leur donner une nouvelle source d&#8217;engagement dans l&#8217;entreprise. Afin d&#8217;envisager une trajectoire, il est important de &hellip;<\/p>\n<p class=\"read-more\"> <a class=\"\" href=\"https:\/\/scientia-pro.fr\/index.php\/services\/\"> <span class=\"screen-reader-text\">Prestations<\/span> Read More &raquo;<\/a><\/p>\n","protected":false},"author":1,"featured_media":0,"parent":0,"menu_order":0,"comment_status":"closed","ping_status":"closed","template":"","meta":{"site-sidebar-layout":"no-sidebar","site-content-layout":"page-builder","ast-site-content-layout":"full-width-container","site-content-style":"unboxed","site-sidebar-style":"unboxed","ast-global-header-display":"","ast-banner-title-visibility":"","ast-main-header-display":"","ast-hfb-above-header-display":"","ast-hfb-below-header-display":"","ast-hfb-mobile-header-display":"","site-post-title":"disabled","ast-breadcrumbs-content":"","ast-featured-img":"disabled","footer-sml-layout":"","theme-transparent-header-meta":"enabled","adv-header-id-meta":"","stick-header-meta":"","header-above-stick-meta":"","header-main-stick-meta":"","header-below-stick-meta":"","astra-migrate-meta-layouts":"set","ast-page-background-enabled":"default","ast-page-background-meta":{"desktop":{"background-color":"var(--ast-global-color-4)","background-image":"","background-repeat":"repeat","background-position":"center center","background-size":"auto","background-attachment":"scroll","background-type":"","background-media":"","overlay-type":"","overlay-color":"","overlay-gradient":""},"tablet":{"background-color":"","background-image":"","background-repeat":"repeat","background-position":"center center","background-size":"auto","background-attachment":"scroll","background-type":"","background-media":"","overlay-type":"","overlay-color":"","overlay-gradient":""},"mobile":{"background-color":"","background-image":"","background-repeat":"repeat","background-position":"center center","background-size":"auto","background-attachment":"scroll","background-type":"","background-media":"","overlay-type":"","overlay-color":"","overlay-gradient":""}},"ast-content-background-meta":{"desktop":{"background-color":"var(--ast-global-color-5)","background-image":"","background-repeat":"repeat","background-position":"center center","background-size":"auto","background-attachment":"scroll","background-type":"","background-media":"","overlay-type":"","overlay-color":"","overlay-gradient":""},"tablet":{"background-color":"var(--ast-global-color-5)","background-image":"","background-repeat":"repeat","background-position":"center center","background-size":"auto","background-attachment":"scroll","background-type":"","background-media":"","overlay-type":"","overlay-color":"","overlay-gradient":""},"mobile":{"background-color":"var(--ast-global-color-5)","background-image":"","background-repeat":"repeat","background-position":"center center","background-size":"auto","background-attachment":"scroll","background-type":"","background-media":"","overlay-type":"","overlay-color":"","overlay-gradient":""}},"footnotes":""},"class_list":["post-3605","page","type-page","status-publish","hentry"],"yoast_head":"<!-- This site is optimized with the Yoast SEO plugin v23.8 - https:\/\/yoast.com\/wordpress\/plugins\/seo\/ -->\n<title>Prestations - Scientia<\/title>\n<meta name=\"robots\" content=\"index, follow, max-snippet:-1, max-image-preview:large, max-video-preview:-1\" \/>\n<link rel=\"canonical\" href=\"https:\/\/scientia-pro.fr\/index.php\/services\/\" \/>\n<meta property=\"og:locale\" content=\"en_US\" \/>\n<meta property=\"og:type\" content=\"article\" \/>\n<meta property=\"og:title\" content=\"Prestations - Scientia\" \/>\n<meta property=\"og:description\" content=\"Prestations Sensibiliser Au travers de conf\u00e9rences interactives ou d&#8217;outils d&#8217;intelligence collective, adapt\u00e9s \u00e0 votre entreprise et \u00e0 vos besoins, nous permettons la prise de conscience et la mise en action. \u00a0 Engager ses collaborateurs dans les enjeux environnementaux, c&#8217;est leur donner une nouvelle source d&#8217;engagement dans l&#8217;entreprise. Afin d&#8217;envisager une trajectoire, il est important de &hellip; Prestations Read More &raquo;\" \/>\n<meta property=\"og:url\" content=\"https:\/\/scientia-pro.fr\/index.php\/services\/\" \/>\n<meta property=\"og:site_name\" content=\"Scientia\" \/>\n<meta property=\"article:modified_time\" content=\"2025-08-18T12:35:00+00:00\" \/>\n<meta property=\"og:image\" content=\"https:\/\/scientia-pro.fr\/wp-content\/uploads\/2025\/08\/1688743306871.jpeg\" \/>\n\t<meta property=\"og:image:width\" content=\"1280\" \/>\n\t<meta property=\"og:image:height\" content=\"1706\" \/>\n\t<meta property=\"og:image:type\" content=\"image\/jpeg\" \/>\n<meta name=\"twitter:card\" content=\"summary_large_image\" \/>\n<meta name=\"twitter:label1\" content=\"Est. reading time\" \/>\n\t<meta name=\"twitter:data1\" content=\"2 minutes\" \/>\n<script type=\"application\/ld+json\" class=\"yoast-schema-graph\">{\"@context\":\"https:\/\/schema.org\",\"@graph\":[{\"@type\":\"WebPage\",\"@id\":\"https:\/\/scientia-pro.fr\/index.php\/services\/\",\"url\":\"https:\/\/scientia-pro.fr\/index.php\/services\/\",\"name\":\"Prestations - Scientia\",\"isPartOf\":{\"@id\":\"https:\/\/scientia-pro.fr\/#website\"},\"primaryImageOfPage\":{\"@id\":\"https:\/\/scientia-pro.fr\/index.php\/services\/#primaryimage\"},\"image\":{\"@id\":\"https:\/\/scientia-pro.fr\/index.php\/services\/#primaryimage\"},\"thumbnailUrl\":\"http:\/\/scientia-pro.fr\/wp-content\/uploads\/2025\/08\/1688743306871.jpeg\",\"datePublished\":\"2021-11-21T15:14:41+00:00\",\"dateModified\":\"2025-08-18T12:35:00+00:00\",\"breadcrumb\":{\"@id\":\"https:\/\/scientia-pro.fr\/index.php\/services\/#breadcrumb\"},\"inLanguage\":\"en-US\",\"potentialAction\":[{\"@type\":\"ReadAction\",\"target\":[\"https:\/\/scientia-pro.fr\/index.php\/services\/\"]}]},{\"@type\":\"ImageObject\",\"inLanguage\":\"en-US\",\"@id\":\"https:\/\/scientia-pro.fr\/index.php\/services\/#primaryimage\",\"url\":\"https:\/\/scientia-pro.fr\/wp-content\/uploads\/2025\/08\/1688743306871.jpeg\",\"contentUrl\":\"https:\/\/scientia-pro.fr\/wp-content\/uploads\/2025\/08\/1688743306871.jpeg\",\"width\":1280,\"height\":1706},{\"@type\":\"BreadcrumbList\",\"@id\":\"https:\/\/scientia-pro.fr\/index.php\/services\/#breadcrumb\",\"itemListElement\":[{\"@type\":\"ListItem\",\"position\":1,\"name\":\"Accueil\",\"item\":\"https:\/\/scientia-pro.fr\/\"},{\"@type\":\"ListItem\",\"position\":2,\"name\":\"Prestations\"}]},{\"@type\":\"WebSite\",\"@id\":\"https:\/\/scientia-pro.fr\/#website\",\"url\":\"https:\/\/scientia-pro.fr\/\",\"name\":\"Scientia\",\"description\":\"SAVOIR, C\u2019EST POUVOIR\",\"publisher\":{\"@id\":\"https:\/\/scientia-pro.fr\/#organization\"},\"potentialAction\":[{\"@type\":\"SearchAction\",\"target\":{\"@type\":\"EntryPoint\",\"urlTemplate\":\"https:\/\/scientia-pro.fr\/?s={search_term_string}\"},\"query-input\":{\"@type\":\"PropertyValueSpecification\",\"valueRequired\":true,\"valueName\":\"search_term_string\"}}],\"inLanguage\":\"en-US\"},{\"@type\":\"Organization\",\"@id\":\"https:\/\/scientia-pro.fr\/#organization\",\"name\":\"Scientia\",\"alternateName\":\"Scientia\",\"url\":\"https:\/\/scientia-pro.fr\/\",\"logo\":{\"@type\":\"ImageObject\",\"inLanguage\":\"en-US\",\"@id\":\"https:\/\/scientia-pro.fr\/#\/schema\/logo\/image\/\",\"url\":\"https:\/\/scientia-pro.fr\/wp-content\/uploads\/2024\/01\/logo.png\",\"contentUrl\":\"https:\/\/scientia-pro.fr\/wp-content\/uploads\/2024\/01\/logo.png\",\"width\":1000,\"height\":1000,\"caption\":\"Scientia\"},\"image\":{\"@id\":\"https:\/\/scientia-pro.fr\/#\/schema\/logo\/image\/\"},\"sameAs\":[\"https:\/\/www.linkedin.com\/company\/scientia-pro\/\"]}]}<\/script>\n<!-- \/ Yoast SEO plugin. -->","yoast_head_json":{"title":"Prestations - Scientia","robots":{"index":"index","follow":"follow","max-snippet":"max-snippet:-1","max-image-preview":"max-image-preview:large","max-video-preview":"max-video-preview:-1"},"canonical":"https:\/\/scientia-pro.fr\/index.php\/services\/","og_locale":"en_US","og_type":"article","og_title":"Prestations - Scientia","og_description":"Prestations Sensibiliser Au travers de conf\u00e9rences interactives ou d&#8217;outils d&#8217;intelligence collective, adapt\u00e9s \u00e0 votre entreprise et \u00e0 vos besoins, nous permettons la prise de conscience et la mise en action. \u00a0 Engager ses collaborateurs dans les enjeux environnementaux, c&#8217;est leur donner une nouvelle source d&#8217;engagement dans l&#8217;entreprise. Afin d&#8217;envisager une trajectoire, il est important de &hellip; Prestations Read More &raquo;","og_url":"https:\/\/scientia-pro.fr\/index.php\/services\/","og_site_name":"Scientia","article_modified_time":"2025-08-18T12:35:00+00:00","og_image":[{"width":1280,"height":1706,"url":"https:\/\/scientia-pro.fr\/wp-content\/uploads\/2025\/08\/1688743306871.jpeg","type":"image\/jpeg"}],"twitter_card":"summary_large_image","twitter_misc":{"Est. reading time":"2 minutes"},"schema":{"@context":"https:\/\/schema.org","@graph":[{"@type":"WebPage","@id":"https:\/\/scientia-pro.fr\/index.php\/services\/","url":"https:\/\/scientia-pro.fr\/index.php\/services\/","name":"Prestations - Scientia","isPartOf":{"@id":"https:\/\/scientia-pro.fr\/#website"},"primaryImageOfPage":{"@id":"https:\/\/scientia-pro.fr\/index.php\/services\/#primaryimage"},"image":{"@id":"https:\/\/scientia-pro.fr\/index.php\/services\/#primaryimage"},"thumbnailUrl":"http:\/\/scientia-pro.fr\/wp-content\/uploads\/2025\/08\/1688743306871.jpeg","datePublished":"2021-11-21T15:14:41+00:00","dateModified":"2025-08-18T12:35:00+00:00","breadcrumb":{"@id":"https:\/\/scientia-pro.fr\/index.php\/services\/#breadcrumb"},"inLanguage":"en-US","potentialAction":[{"@type":"ReadAction","target":["https:\/\/scientia-pro.fr\/index.php\/services\/"]}]},{"@type":"ImageObject","inLanguage":"en-US","@id":"https:\/\/scientia-pro.fr\/index.php\/services\/#primaryimage","url":"https:\/\/scientia-pro.fr\/wp-content\/uploads\/2025\/08\/1688743306871.jpeg","contentUrl":"https:\/\/scientia-pro.fr\/wp-content\/uploads\/2025\/08\/1688743306871.jpeg","width":1280,"height":1706},{"@type":"BreadcrumbList","@id":"https:\/\/scientia-pro.fr\/index.php\/services\/#breadcrumb","itemListElement":[{"@type":"ListItem","position":1,"name":"Accueil","item":"https:\/\/scientia-pro.fr\/"},{"@type":"ListItem","position":2,"name":"Prestations"}]},{"@type":"WebSite","@id":"https:\/\/scientia-pro.fr\/#website","url":"https:\/\/scientia-pro.fr\/","name":"Scientia","description":"SAVOIR, C\u2019EST POUVOIR","publisher":{"@id":"https:\/\/scientia-pro.fr\/#organization"},"potentialAction":[{"@type":"SearchAction","target":{"@type":"EntryPoint","urlTemplate":"https:\/\/scientia-pro.fr\/?s={search_term_string}"},"query-input":{"@type":"PropertyValueSpecification","valueRequired":true,"valueName":"search_term_string"}}],"inLanguage":"en-US"},{"@type":"Organization","@id":"https:\/\/scientia-pro.fr\/#organization","name":"Scientia","alternateName":"Scientia","url":"https:\/\/scientia-pro.fr\/","logo":{"@type":"ImageObject","inLanguage":"en-US","@id":"https:\/\/scientia-pro.fr\/#\/schema\/logo\/image\/","url":"https:\/\/scientia-pro.fr\/wp-content\/uploads\/2024\/01\/logo.png","contentUrl":"https:\/\/scientia-pro.fr\/wp-content\/uploads\/2024\/01\/logo.png","width":1000,"height":1000,"caption":"Scientia"},"image":{"@id":"https:\/\/scientia-pro.fr\/#\/schema\/logo\/image\/"},"sameAs":["https:\/\/www.linkedin.com\/company\/scientia-pro\/"]}]}},"_links":{"self":[{"href":"https:\/\/scientia-pro.fr\/index.php\/wp-json\/wp\/v2\/pages\/3605","targetHints":{"allow":["GET"]}}],"collection":[{"href":"https:\/\/scientia-pro.fr\/index.php\/wp-json\/wp\/v2\/pages"}],"about":[{"href":"https:\/\/scientia-pro.fr\/index.php\/wp-json\/wp\/v2\/types\/page"}],"author":[{"embeddable":true,"href":"https:\/\/scientia-pro.fr\/index.php\/wp-json\/wp\/v2\/users\/1"}],"replies":[{"embeddable":true,"href":"https:\/\/scientia-pro.fr\/index.php\/wp-json\/wp\/v2\/comments?post=3605"}],"version-history":[{"count":17,"href":"https:\/\/scientia-pro.fr\/index.php\/wp-json\/wp\/v2\/pages\/3605\/revisions"}],"predecessor-version":[{"id":3842,"href":"https:\/\/scientia-pro.fr\/index.php\/wp-json\/wp\/v2\/pages\/3605\/revisions\/3842"}],"wp:attachment":[{"href":"https:\/\/scientia-pro.fr\/index.php\/wp-json\/wp\/v2\/media?parent=3605"}],"curies":[{"name":"wp","href":"https:\/\/api.w.org\/{rel}","templated":true}]}}